{"id":143,"date":"2024-11-17T22:49:45","date_gmt":"2024-11-17T21:49:45","guid":{"rendered":"https:\/\/www.reylih.fr\/?page_id=143"},"modified":"2024-11-17T22:49:45","modified_gmt":"2024-11-17T21:49:45","slug":"concept-deco-defi-solo-edition-interactive-avec-viewers","status":"publish","type":"page","link":"https:\/\/www.reylih.fr\/index.php\/concept-deco-defi-solo-edition-interactive-avec-viewers\/","title":{"rendered":"Concept : D\u00e9co D\u00e9fi Solo &#8211; \u00c9dition Interactive avec Viewers"},"content":{"rendered":"\n<p>Le <strong>D\u00e9co D\u00e9fi Solo<\/strong> est un d\u00e9fi cr\u00e9atif o\u00f9 <strong>Reylih est le seul joueur<\/strong> \u00e0 participer, mais avec une forte implication de sa communaut\u00e9 pour rendre le tout plus impr\u00e9visible. Les <strong>viewers choisiront les blocs<\/strong> qu&rsquo;il devra utiliser pour concevoir une d\u00e9coration selon un th\u00e8me impos\u00e9. Le challenge consiste \u00e0 cr\u00e9er la meilleure construction possible avec des ressources limit\u00e9es.<\/p>\n\n\n\n<hr class=\"wp-block-separator has-alpha-channel-opacity\"\/>\n\n\n\n<h3 class=\"wp-block-heading\"><strong>R\u00e8gles G\u00e9n\u00e9rales<\/strong><\/h3>\n\n\n\n<ol class=\"wp-block-list\">\n<li><strong>Participant<\/strong> :\n<ul class=\"wp-block-list\">\n<li><strong>Un seul joueur<\/strong> : <strong>Reylih !<\/strong><\/li>\n\n\n\n<li>Les <strong>viewers participent<\/strong> activement en choisissant les blocs que tu utiliseras.<\/li>\n<\/ul>\n<\/li>\n\n\n\n<li><strong>Dur\u00e9e du D\u00e9fi<\/strong> :\n<ul class=\"wp-block-list\">\n<li>Le temps imparti pour r\u00e9aliser la construction est de <strong>30 minutes<\/strong>, ajustable pour des d\u00e9fis plus longs ou plus courts.<\/li>\n<\/ul>\n<\/li>\n\n\n\n<li><strong>Th\u00e8me Impos\u00e9<\/strong> :\n<ul class=\"wp-block-list\">\n<li>Avant de commencer, un <strong>th\u00e8me al\u00e9atoire<\/strong> sera d\u00e9termin\u00e9 (par exemple, \u00ab\u00a0cabane de p\u00eacheur\u00a0\u00bb, \u00ab\u00a0salle des tr\u00e9sors\u00a0\u00bb, \u00ab\u00a0jardin secret\u00a0\u00bb ,&#8230;).<\/li>\n<\/ul>\n<\/li>\n<\/ol>\n\n\n\n<hr class=\"wp-block-separator has-alpha-channel-opacity\"\/>\n\n\n\n<h3 class=\"wp-block-heading\"><strong>R\u00e8gle des Blocs Choisis par les Viewers<\/strong><\/h3>\n\n\n\n<ol class=\"wp-block-list\">\n<li><strong>S\u00e9lection des Blocs<\/strong> :\n<ul class=\"wp-block-list\">\n<li>Les <strong>viewers<\/strong> choisissent <strong>3 types de blocs<\/strong> que tu devras utiliser pour le d\u00e9fi.<\/li>\n\n\n\n<li><strong>Un seul des blocs<\/strong> peut \u00eatre utilis\u00e9 avec <strong>tous ses d\u00e9riv\u00e9s<\/strong> (par exemple, si les viewers choisissent le bois de ch\u00eane, Reylih pourra utiliser les planches, escaliers, dalles, trappes en bois de ch\u00eane, etc.).<\/li>\n\n\n\n<li>Les <strong>2 autres blocs<\/strong> sont limit\u00e9s \u00e0 leur <strong>forme de base<\/strong>.<\/li>\n<\/ul>\n<\/li>\n\n\n\n<li><strong>Types de Blocs Sp\u00e9cifiques<\/strong> :\n<ul class=\"wp-block-list\">\n<li>Les bois diff\u00e9rents comptent comme <strong>types distincts<\/strong> (exemple : le bois de ch\u00eane est diff\u00e9rent du bois de bouleau).<\/li>\n\n\n\n<li>Si les viewers choisissent <strong>bois de ch\u00eane<\/strong> comme bloc avec d\u00e9riv\u00e9s, Reylih peut utiliser <strong>tous les d\u00e9riv\u00e9s<\/strong> (planches, trappes, escaliers, etc.).<\/li>\n\n\n\n<li>Pour les autres blocs choisis (ex. : pierre, verre), <strong>aucun d\u00e9riv\u00e9<\/strong> ne sera autoris\u00e9.<\/li>\n<\/ul>\n<\/li>\n<\/ol>\n\n\n\n<hr class=\"wp-block-separator has-alpha-channel-opacity\"\/>\n\n\n\n<h3 class=\"wp-block-heading\"><strong>D\u00e9roulement du D\u00e9fi<\/strong><\/h3>\n\n\n\n<ol class=\"wp-block-list\">\n<li><strong>Pr\u00e9paration<\/strong> :\n<ul class=\"wp-block-list\">\n<li>Les viewers votent pour choisir les <strong>3 types de blocs<\/strong> et celui qui aura tous ses d\u00e9riv\u00e9s autoris\u00e9s.<\/li>\n\n\n\n<li>Une fois les blocs s\u00e9lectionn\u00e9s, le <strong>th\u00e8me du d\u00e9fi<\/strong> est annonc\u00e9.<\/li>\n<\/ul>\n<\/li>\n\n\n\n<li><strong>D\u00e9but du D\u00e9fi<\/strong> :\n<ul class=\"wp-block-list\">\n<li>Reylih doit commencer imm\u00e9diatement \u00e0 construire en utilisant uniquement les blocs impos\u00e9s par tes viewers.<\/li>\n<\/ul>\n<\/li>\n\n\n\n<li><strong>Fin du D\u00e9fi<\/strong> :\n<ul class=\"wp-block-list\">\n<li>Lorsque le temps est \u00e9coul\u00e9, Reylih doit <strong>arr\u00eater imm\u00e9diatement<\/strong> sa construction.<\/li>\n\n\n\n<li>Les viewers peuvent donner leur avis sur la construction et voter pour noter sa performance.<\/li>\n<\/ul>\n<\/li>\n<\/ol>\n\n\n\n<hr class=\"wp-block-separator has-alpha-channel-opacity\"\/>\n\n\n\n<h3 class=\"wp-block-heading\"><strong>\u00c9valuation par les Viewers<\/strong><\/h3>\n\n\n\n<ol class=\"wp-block-list\">\n<li><strong>Crit\u00e8res d&rsquo;\u00c9valuation<\/strong> :\n<ul class=\"wp-block-list\">\n<li><strong>Respect du Th\u00e8me<\/strong> : La construction correspond-elle au th\u00e8me impos\u00e9 ?<\/li>\n\n\n\n<li><strong>Cr\u00e9ativit\u00e9<\/strong> : Originalit\u00e9 dans l\u2019utilisation des blocs choisis par les viewers.<\/li>\n\n\n\n<li><strong>Esth\u00e9tique<\/strong> : Qualit\u00e9 visuelle et harmonie g\u00e9n\u00e9rale du design.<\/li>\n<\/ul>\n<\/li>\n\n\n\n<li><strong>Syst\u00e8me de Notation<\/strong> :\n<ul class=\"wp-block-list\">\n<li>Les viewers votent via le chat pour \u00e9valuer ta construction.<\/li>\n<\/ul>\n<\/li>\n<\/ol>\n\n\n\n<p><\/p>\n","protected":false},"excerpt":{"rendered":"<p>Le D\u00e9co D\u00e9fi Solo est un d\u00e9fi cr\u00e9atif o\u00f9 Reylih est le seul joueur \u00e0 participer, mais avec une forte implication de sa communaut\u00e9 pour rendre le tout plus impr\u00e9visible. Les viewers choisiront les blocs qu&rsquo;il devra utiliser pour concevoir une d\u00e9coration selon un th\u00e8me impos\u00e9. Le challenge consiste \u00e0 cr\u00e9er la meilleure construction possible [&hellip;]<\/p>\n","protected":false},"author":1,"featured_media":0,"parent":0,"menu_order":0,"comment_status":"closed","ping_status":"closed","template":"","meta":{"vkexunit_cta_each_option":"","footnotes":""},"class_list":["post-143","page","type-page","status-publish","hentry"],"_links":{"self":[{"href":"https:\/\/www.reylih.fr\/index.php\/wp-json\/wp\/v2\/pages\/143","targetHints":{"allow":["GET"]}}],"collection":[{"href":"https:\/\/www.reylih.fr\/index.php\/wp-json\/wp\/v2\/pages"}],"about":[{"href":"https:\/\/www.reylih.fr\/index.php\/wp-json\/wp\/v2\/types\/page"}],"author":[{"embeddable":true,"href":"https:\/\/www.reylih.fr\/index.php\/wp-json\/wp\/v2\/users\/1"}],"replies":[{"embeddable":true,"href":"https:\/\/www.reylih.fr\/index.php\/wp-json\/wp\/v2\/comments?post=143"}],"version-history":[{"count":1,"href":"https:\/\/www.reylih.fr\/index.php\/wp-json\/wp\/v2\/pages\/143\/revisions"}],"predecessor-version":[{"id":146,"href":"https:\/\/www.reylih.fr\/index.php\/wp-json\/wp\/v2\/pages\/143\/revisions\/146"}],"wp:attachment":[{"href":"https:\/\/www.reylih.fr\/index.php\/wp-json\/wp\/v2\/media?parent=143"}],"curies":[{"name":"wp","href":"https:\/\/api.w.org\/{rel}","templated":true}]}}